the remainder when 23854 is divided by 6109.
5527
Calculate the remainder when 110961 is divided by 94.
41
What is the remainder when 167879 is divided by 33506?
349
Calculate the remainder when 1147349 is divided by 223.
14
Calculate the remainder when 141819 is divided by 23572.
387
Calculate the remainder when 5112021 is divided by 5.
1
Calculate the remainder when 2811254 is divided by 1139.
202
Calculate the remainder when 488262 is divided by 2519.
2095
Calculate the remainder when 17591 is divided by 7697.
2197
What is the remainder when 6088 is divided by 2900?
288
What is the remainder when 70213 is divided by 11407?
1771
Calculate the remainder when 842379 is divided by 421115.
149
Calculate the remainder when 787612 is divided by 163.
159
Calculate the remainder when 33969899 is divided by 595963.
8
What is the remainder when 3815118 is divided by 763015?
43
What is the remainder when 4070239 is divided by 19?
2
What is the remainder when 61707 is divided by 2894?
933
Calculate the remainder when 89389767 is divided by 141.
138
What is the remainder when 24840999 is divided by 31?
17
What is the remainder when 261370 is divided by 261357?
13
Calculate the remainder when 3006886 is divided by 661.
658
What is the remainder when 2693075 is divided by 864?
851
Calculate the remainder when 6356607 is divided by 7.
5
What is the remainder when 221718 is divided by 199?
32
Calculate the remainder when 126550 is divided by 1361.
1338
What is the remainder when 739260 is divided by 3315?
15
Calculate the remainder when 8645 is divided by 1598.
655
Calculate the remainder when 516550 is divided by 31.
28
What is the remainder when 362275 is divided by 60375?
25
Calculate the remainder when 2492123 is divided by 1187.
610
What is the remainder when 1563292 is divided by 173694?
46
Calculate the remainder when 239782 is divided by 200.
182
What is the remainder when 829909 is divided by 273?
262
Calculate the remainder when 693095 is divided by 1795.
225
Calculate the remainder when 76506 is divided by 25485.
51
Calculate the remainder when 804043 is divided by 23.
9
Calculate the remainder when 155097 is divided by 7737.
357
What is the remainder when 66963493 is divided by 33481741?
11
Calculate the remainder when 174707 is divided by 3882.
17
What is the remainder when 10885631 is divided by 3628516?
83
Calculate the remainder when 13323178 is divided by 10466.
10426
What is the remainder when 66061 is divided by 146?
69
Calculate the remainder when 321354218 is divided by 484.
482
Calculate the remainder when 1369804 is divided by 1415.
84
Calculate the remainder when 5681 is divided by 1404.
65
Calculate the remainder when 871888 is divided by 3758.
32
Calculate the remainder when 39618 is divided by 12809.
1191
Calculate the remainder when 8838538 is divided by 3863.
3857
Calculate the remainder when 2977565 is divided by 99251.
35
Calculate the remainder when 14338 is divided by 4382.
1192
Calculate the remainder when 436651 is divided by 1599.
124
Calculate the remainder when 1062741 is divided by 106270.
41
Calculate the remainder when 2217718 is divided by 4366.
4156
What is the remainder when 240839496 is divided by 20?
16
What is the remainder when 1108019 is divided by 158107?
1270
What is the remainder when 45869907 is divided by 2848?
19
Calculate the remainder when 469792 is divided by 145.
137
Calculate the remainder when 114397 is divided by 237.
163
Calculate the remainder when 4521020 is divided by 4520993.
27
What is the remainder when 7783193 is divided by 900?
893
What is the remainder when 20145555 is divided by 2781?
2772
What is the remainder when 49400 is divided by 16275?
575
Calculate the remainder when 6909 is divided by 3302.
305
Calculate the remainder when 3849129 is divided by 133.
109
What is the remainder when 847360 is divided by 92?
40
What is the remainder when 25689973 is divided by 2161?
5
What is the remainder when 20049915 is divided by 268?
31
What is the remainder when 12253691 is divided by 2450737?
6
What is the remainder when 81327968 is divided by 1452?
1448
Calculate the remainder when 12454836 is divided by 1586.
1564
What is the remainder when 487923 is divided by 2652?
2607
Calculate the remainder when 86675129 is divided by 295.
294
Calculate the remainder when 2610 is divided by 62.
6
What is the remainder when 582405 is divided by 9311?
5123
What is the remainder when 30141 is divided by 1731?
714
What is the remainder when 1285976 is divided by 2159?
1371
What is the remainder when 2950193 is divided by 273?
155
What is the remainder when 884656 is divided by 189?
136
Calculate the remainder when 2151988 is divided by 1075972.
44
Calculate the remainder when 3620165 is divided by 54.
5
Calculate the remainder when 528825 is divided by 347.
344
What is the remainder when 3325744 is divided by 1108580?
4
Calculate the remainder when 480215 is divided by 1179.
362
Calculate the remainder when 49869125 is divided by 79536.
53
Calculate the remainder when 626664 is divided by 727.
717
Calculate the remainder when 4736930 is divided by 75.
5
What is the remainder when 294871 is divided by 98289?
4
Calculate the remainder when 5265890 is divided by 898.
18
What is the remainder when 544002 is divided by 4029?
87
What is the remainder when 5783690 is divided by 2423?
2412
Calculate the remainder when 10767396 is divided by 35.
31
Calculate the remainder when 591276 is divided by 294028.
3220
Calculate the remainder when 171224 is divided by 469.
39
What is the remainder when 274863159 is divided by 1144?
1143
What is the remainder when 8810113 is divided by 16?
1
Calculate the remainder when 391221 is divided by 822.
771
Calculate the remainder when 14472 is divided by 5247.
3978
What is the remainder when 7109402 is divided by 47714?
16
What is the remainder when 751027 is divided by 8253?
4
Calculate the remainder when 5748609 is divided by 10359.
9723
Calculate the remainder when 210602 is divided by 2475.
227
What is the remainder when 152853 is divided by 50644?
921
What is the remainder when 195916 is divided by 5258?
1370
What is the remainder when 3386090 is divided by 69?
53
What is the remainder when 12619575 is divided by 12619563?
12
Calculate the remainder when 82948623 is divided by 1296072.
15
What is the remainder when 94152982 is divided by 153?
148
What is the remainder when 6024313 is divided by 729?
586
Calculate the remainder when 51803909 is divided by 615.
614
Calculate the remainder when 7572507 is divided by 6412.
6347
What is the remainder when 54083750 is divided by 27?
23
Calculate the remainder when 6540 is divided by 840.
660
Calculate the remainder when 49690 is divided by 1936.
1290
What is the remainder when 123541029 is divided by 6?
3
What is the remainder when 2078063 is divided by 415612?
3
What is the remainder when 49291 is divided by 49247?
44
What is the remainder when 63532546 is divided by 146?
62
Calculate the remainder when 8099599 is divided by 10.
9
What is the remainder when 76838 is divided by 38415?
8
What is the remainder when 30902202 is divided by 252?
198
What is the remainder when 718460 is divided by 943?
837
What is the remainder when 43480 is divided by 7150?
580
Calculate the remainder when 1524885 is divided by 536.
501
Calculate the remainder when 228348 is divided by 228191.
157
Calculate the remainder when 1689533 is divided by 477.
476
Calculate the remainder when 1789757 is divided by 447432.
29
What is the remainder when 2810188 is divided by 592?
556
What is the remainder when 451264 is divided by 112802?
56
What is the remainder when 154939 is divided by 226?
129
What is the remainder when 20693 is divided by 23?
16
What is the remainder when 283522 is divided by 21809?
5
Calculate the remainder when 18595141 is divided by 63.
61
Calculate the remainder when 11753277 is divided by 236.
5
Calculate the remainder when 6276298 is divided by 2081.
2
What is the remainder when 3798455 is divided by 42?
17
What is the remainder when 1084869020 is divided by 4467?
4466
Calculate the remainder when 288102 is divided by 71990.
142
What is the remainder when 6797984 is divided by 106?
98
Calculate the remainder when 9332838 is divide